h**2 - 29*h - 4. What are the prime factors of b(-9)?
2, 7, 29
Let k = -41 + 36. Let g be 4*-109*k/(-10). What are the prime factors of g/(-3) + (-16)/24?
2, 3
Suppose 3*y - 98 = 5*a, -66 = -2*y - 0*y + 3*a. List the prime factors of ((-726)/4)/(-3) - 54/y.
59
Let v(b) = b**2 - 5*b - 6. Let t be v(6). Let m(l) = 2*l**3 + l**2 - l + 12. Let a be m(t). Suppose 7*d - a = 5*d. What are the prime factors of d?
2, 3
List the prime factors of (-248966)/(-12) + (14/2 - (-387)/(-54)).
20747
Let m(w) be the first derivative of 7*w**2 + 37*w - 30. Let r be m(13). Let k = 398 - r. List the prime factors of k.
179
Suppose -114*m + 1455305 = -3788407 - 455604. List the prime factors of m.
2, 7, 3571
Suppose 0 = 4*o - 12, -5*o = 5*s - 0*o + 30. Let d be ((-6)/(-18))/(1/s). What are the prime factors of (-58*(1 + 2))/(d/2)?
2, 29
List the prime factors of (-2)/11 + 54/(-33)*-4647.
2, 1901
Suppose 72*j + 34995 = 87*j. Suppose -4*s - 4716 = -4*i, 13*i = 11*i - 3*s + j. List the prime factors of i.
2, 587
Let s = -50 - -55. Suppose s*t + 45 = 5*j + 15, 0 = -5*j + 2*t + 30. Suppose -j*l + 336 = 36. List the prime factors of l.
2, 5
Suppose 0 = -f + 2*j + 17, 5*f - 10*f - 3*j = -150. Let r = 2 - -46. Let c = r - f. What are the prime factors of c?
3, 7
Suppose -17*o + 209952 = 22*o - 3*o. List the prime factors of o.
2, 3
Suppose 3*b = 4*b + 2, r + 4*b - 6 = 0. Let u(g) = r*g + 6 - 46*g - 34. List the prime factors of u(-5).
2, 3, 11
Let y be (-1)/(-4 + 35/10). Suppose 2*u = -p + 78, -y*u - 7*p = -11*p - 78. What are the prime factors of u?
3, 13
Suppose 0 = -12*j + 190 + 230. Let b = 126 - j. List the prime factors of b.
7, 13
Let n(k) = 6*k**2 - 2*k + 5. Let q(b) = -5*b**2 + b - 6. Let x(u) = -4*n(u) - 3*q(u). Let l(z) be the first derivative of x(z). List the prime factors of l(-5).
5, 19
Let r be (-3)/2*(16 + -4). Let m = 231 + r. Suppose -m + 26 = -i. What are the prime factors of i?
11, 17
Let x(t) = -3155*t + 682. What are the prime factors of x(-12)?
2, 7, 2753
Let o = -9184 - -14190. What are the prime factors of o?
2, 2503
Let v(n) = 1109*n - 747. List the prime factors of v(8).
5, 13
Let f be (-3)/5 + -1*99/(-15). Suppose -f*l - 2*i = -3*l - 60, 2*l - 56 = 4*i. Suppose 16*t = l*t - 306. What are the prime factors of t?
3, 17
Let p be (0 + 0)/2*(-39)/(-78). Suppose p = -3*i + 2*i + 383. Suppose -7*r + 912 = -i. What are the prime factors of r?
5, 37
Let r = -154 - -178. Suppose 36*y - 96 = r*y. What are the prime factors of y?
2
Let v(u) = u**2 + 9*u - 6. Let d be v(-5). Let t = 31 + d. Suppose -125 = -t*a - 4*j + 224, -5*a = -3*j - 377. List the prime factors of a.
73
Let r(o) = 61*o - 418. List the prime factors of r(54).
2, 719
Let t(s) = 84*s - 198. Suppose -39 = -44*x + 41*x. List the prime factors of t(x).
2, 3, 149
Suppose 1646 = -3*s - 2*v + 13220, -15392 = -4*s + 4*v. What are the prime factors of s?
2, 41, 47
What are the prime factors of 0 - -3983 - (-87 + 21)/11?
3989
List the prime factors of 13 - (12 + 31060/(-4)).
2, 11, 353
Suppose i = -2*i + 372. Let t = -122 + i. What are the prime factors of t?
2
Let r be 8*4 + -4 + 24/6. What are the prime factors of 1/4 - ((-920)/r - 6)?
5, 7
Suppose -2838*x = -2834*x - 5*a - 105708, 5*a = -3*x + 79351. What are the prime factors of x?
26437
Suppose -3*p - 5*j = -41, -p - 4*j = -4*p + 5. Let q = 761 - p. What are the prime factors of q?
2, 13, 29
Let w(l) = l**3 - 83*l**2 + 36*l - 285. List the prime factors of w(83).
3, 17, 53
Let d = 9 + -5. Suppose 0 = -d*s + 3*s - 2*s. Suppose 6*g - g = w - 80, s = w + 3*g - 96. List the prime factors of w.
2, 3, 5
Suppose -r + 10074 = -3*j, 26 = j + 29. What are the prime factors of r?
3, 5, 11, 61
Let j = -57 - 16. Let r = j - -125. What are the prime factors of r?
2, 13
Let m = 7882 + 3791. List the prime factors of m.
3, 1297
Let t = -115 - -750. Suppose 3*j + 62 = -0*i - 2*i, -5*i - 92 = 4*j. List the prime factors of t/13 - j/117.
7
Let u = -65 - -73. Suppose -u*v = -3*v - 100. Suppose -6*r - 2282 = -v*r. What are the prime factors of r?
163
Let n(g) = -10 - 2 - 10 - 2*g + g. Let h be n(-26). What are the prime factors of (-4 - h/(-5))*-5?
2
Suppose 12 = -4*l - 2*j - 32, 0 = -2*l + 4*j - 12. What are the prime factors of 964 - (-1)/((-2 - -4)/l)?
7, 137
Suppose 6*d - 2*d = 20. Let b = -1 + d. Suppose -4*f + 92 + 176 = b*o, -380 = -5*o + 4*f. What are the prime factors of o?
2, 3
Let o(c) = -38*c + 25. Suppose -2*t = -23*t - 273. List the prime factors of o(t).
3, 173
What are the prime factors of (-11345*(-10)/200)/((-1)/(-8))?
2, 2269
List the prime factors of (-702)/90 + 8 - (-118089)/5.
2, 7, 241
Suppose 696 = h + 3*h. Suppose -3*w + 5*z + h = 0, -2*w = -5*w - z + 174. Suppose 5*j + 390 = 5*p, 4*j - 238 = -4*p + w. What are the prime factors of p?
2, 19
Suppose 0*n + 4078524 = 213*n. List the prime factors of n.
2, 4787
Let r = -12398 - -30076. What are the prime factors of r?
2, 8839
Let a(j) = j**3 - j**2 - 2*j + 3. Suppose -6*x + 11*x = 0. Let k be a(x). Suppose p + 3*w - 240 = -p, 0 = 4*p + k*w - 474. List the prime factors of p.
3, 13
Let d = 54240 - 35941. List the prime factors of d.
29, 631
Let k be (2 - 4) + (1 - -3). Let p(l) = 24*l**2 - l + 2. Let t(w) = 23*w**2 - w + 1. Let u(r) = 3*p(r) - 2*t(r). List the prime factors of u(k).
2, 53
Suppose 0 = 3*n - 4*g - 2, -4 = -4*g. Let a be 3/n*(-30)/(-9)*2. Suppose 0 = -5*f - a - 5, w - 4*f - 21 = 0. What are the prime factors of w?
3
Let o(f) = -8 + 5*f**2 - 15 + 5 - 2*f + 32 - f**2. What are the prime factors of o(18)?
2, 7, 13
Let t = 89 + -89. Suppose t = -s + 3*s + 8, 0 = 3*f + 2*s - 7. Suppose -3*c = 3*p - 639, 2*p + c - f*c - 450 = 0. What are the prime factors of p?
7, 31
Let o(m) = -8*m - 2. Suppose h + 2*h - 15 = 0, -2*n = -4*h - 68. Suppose 4*a - 8 = -n. What are the prime factors of o(a)?
2, 5, 7
Suppose 5*c = 15, 37 = 5*s - 0*c + 4*c. Suppose 2*p = 3*w - 12, -3*w - s*p = -3*p. Suppose -88 = w*a - 6*a. List the prime factors of a.
2, 11
Let v(j) = -19*j + 318. Let z be v(12). Let s be (-4)/(-2) - -144*2. Suppose 4*n - s + z = 0. What are the prime factors of n?
2, 5
List the prime factors of 5/(55/(-143)) + 21324/4.
2, 2659
Suppose -r - 4*h + 16196 = -17225, -16 = -2*h. List the prime factors of r.
173, 193
Let h(r) = -r**3 - 22*r**2 - 3*r + 19. Suppose 47 = -4*q + 15. Let w be 182/q + ((-65)/20 - -4). List the prime factors of h(w).
5, 17
Let u(z) be the first derivative of -z**4/4 - 11*z**3/3 + 27*z**2/2 + 11*z + 56. List the prime factors of u(-14).
13, 17
Let i(n) = -23*n - 29. Let y be i(-13). Suppose -138 = -3*k + y. Suppose 0 = 2*v - 4*v + k. List the prime factors of v.
2, 17
Let h(m) = -1813*m**3 + 26*m**2 + 78*m - 7. List the prime factors of h(-3).
2, 7, 19, 23
Let r(g) = 1151*g**3 + 21*g - 38. List the prime factors of r(2).
2, 7, 47
Let j(c) = 304*c**2 - c + 1. Suppose 11*g + 8 = 19. What are the prime factors of j(g)?
2, 19
Suppose -32*a = 511 - 4479. List the prime factors of 209816/a - (-12)/(-186).
2, 3, 47
Suppose 3*o = 5*b - 0*o + 10, 0 = 2*o - 10. Let y(r) = 392*r**2 + 3*r - 4. What are the prime factors of y(b)?
17, 23
Suppose 3*u + 4*z = 27, z = -3*u + 3*z + 9. Suppose -492 = u*r - 6*r. Suppose 4*w - r = -4*o, 5*o - 455 = -2*w + 148. List the prime factors of o.
7, 17
Suppose 0 = -0*r - 0*r + 2*r - 38220. List the prime factors of r.
2, 3, 5, 7, 13
Let q be 20/(3 - (-1976)/(-664)). Let y = q - 293. What are the prime factors of y?
3, 179
Let o be 49/(-35) + 1 + (-37)/(-5). Suppose o*i - 12*i + 5*p - 265 = 0, 5*i = 4*p - 260. Let u = 48 - i. List the prime factors of u.
2, 3
Let s = 289 - 292. What are the prime factors of -83*(144/(-27))/((-2)/s)?
2, 83
Let z = -86 - -86. Suppose -4*g + 1892 = 2*a, z = 5*g - a - 0*a - 2365. Suppose 523 - 10 = 3*y + 3*f, 3*y - g = 5*f. What are the prime factors of y?
2, 83
Suppose 15270 = 28*q - 23*q. Suppose 169*y = 163*y + q. List the prime factors of y.
509
Suppose g + 30 = 2*t - 2*g, t - 16 = 2*g. Let n(y) = -13*y + t*y**2 + 3 - 12 - 5 - 34*y**2 - y**3. List the prime factors of n(-22).
2, 17
Let w(r) = -2*r**2 - 21*r - 10. Let v be w(-10). Let b(h) = h**3 + 2*h**2 + h + 74. List the prime factors of b(v).
2, 37
Let k be ((-4)/(-6))/(4*4/24). Let m be 325/(-20) + k/4. Let b(y) = -y**2 - 16*y + 9. List the prime factors of b(m